6
What is the greatest common divisor of 63 and 70371?
63
Calculate the greatest common divisor of 46 and 603014.
46
Calculate the greatest common divisor of 3705 and 7449.
39
Calculate the greatest common factor of 32 and 18472.
8
What is the highest common divisor of 12513 and 129?
129
What is the highest common divisor of 9775 and 281350?
425
Calculate the greatest common factor of 20924 and 32.
4
What is the highest common factor of 72 and 4086072?
72
Calculate the greatest common divisor of 1112 and 69361.
139
Calculate the greatest common factor of 77173 and 2977.
229
What is the highest common factor of 698810 and 245?
35
What is the highest common factor of 53744 and 976?
16
Calculate the highest common factor of 1280 and 2673920.
1280
What is the greatest common factor of 12 and 24114?
6
Calculate the greatest common divisor of 1238943 and 102.
51
Calculate the greatest common factor of 1044 and 828.
36
What is the greatest common factor of 170 and 11770?
10
What is the greatest common divisor of 23 and 1295153?
23
What is the highest common divisor of 10387 and 9503?
221
What is the highest common divisor of 684 and 492822?
342
What is the greatest common divisor of 119 and 25382?
7
What is the greatest common factor of 600 and 2600?
200
Calculate the greatest common divisor of 87955 and 686.
49
Calculate the highest common divisor of 2865 and 195.
15
Calculate the greatest common divisor of 26629 and 93.
31
Calculate the highest common factor of 140 and 361144.
28
Calculate the greatest common divisor of 1500 and 12.
12
Calculate the highest common factor of 216 and 5344.
8
Calculate the highest common divisor of 60 and 653670.
30
What is the highest common factor of 15052 and 71?
71
Calculate the highest common factor of 6396 and 59532.
492
Calculate the highest common divisor of 372823 and 22.
11
Calculate the greatest common divisor of 8960 and 87920.
560
Calculate the highest common divisor of 31124 and 753.
251
Calculate the greatest common divisor of 11115 and 9035.
65
What is the greatest common divisor of 77095 and 1955?
85
What is the highest common divisor of 195 and 5967?
39
What is the highest common divisor of 3940 and 1495?
5
What is the highest common factor of 13 and 4613?
1
Calculate the greatest common factor of 11951 and 981388.
703
Calculate the greatest common divisor of 99696 and 32.
16
Calculate the greatest common factor of 1802 and 212.
106
What is the highest common divisor of 812 and 112404?
116
What is the highest common divisor of 5508 and 2550?
102
Calculate the highest common divisor of 2 and 3203.
1
Calculate the greatest common divisor of 571060 and 35.
35
Calculate the greatest common divisor of 502 and 41.
1
Calculate the greatest common divisor of 283 and 148009.
283
Calculate the highest common factor of 10807408 and 16.
16
What is the greatest common factor of 198 and 192786?
66
Calculate the highest common factor of 156260 and 3172.
52
Calculate the greatest common factor of 6557516 and 28.
28
What is the greatest common divisor of 1999054 and 2014?
106
What is the greatest common factor of 4448 and 93686?
278
Calculate the greatest common factor of 123315 and 15.
15
What is the greatest common factor of 854 and 742?
14
Calculate the highest common factor of 6366341 and 29.
29
What is the greatest common factor of 13851 and 456?
57
Calculate the greatest common divisor of 9632 and 20038.
86
Calculate the greatest common divisor of 1681 and 1517.
41
What is the highest common divisor of 855 and 101610?
45
Calculate the greatest common factor of 3504 and 384.
48
Calculate the highest common divisor of 581746 and 682.
682
What is the greatest common factor of 6716 and 92?
92
What is the greatest common factor of 891 and 4374?
81
Calculate the highest common divisor of 1278 and 8004114.
1278
What is the greatest common factor of 3 and 482799?
3
What is the greatest common divisor of 136 and 13107?
17
Calculate the highest common divisor of 5045817 and 14.
7
Calculate the highest common divisor of 23498 and 124.
62
What is the greatest common factor of 193303 and 121?
11
What is the highest common factor of 69 and 57?
3
What is the greatest common divisor of 7665293 and 2126?
1063
Calculate the highest common divisor of 147 and 266413.
49
What is the highest common divisor of 129 and 14104?
43
Calculate the highest common divisor of 55186 and 902.
82
Calculate the greatest common divisor of 36 and 172.
4
Calculate the greatest common factor of 22848 and 63.
21
Calculate the highest common divisor of 153890 and 3080.
110
Calculate the greatest common divisor of 21 and 338919.
21
Calculate the greatest common factor of 4312 and 220.
44
What is the greatest common divisor of 4697 and 1375?
11
Calculate the highest common divisor of 203753 and 22.
11
What is the greatest common factor of 125679 and 21?
3
Calculate the greatest common divisor of 13825 and 105.
35
Calculate the greatest common divisor of 50 and 127875.
25
Calculate the greatest common divisor of 8856 and 10168.
328
What is the greatest common factor of 2996 and 1358?
14
Calculate the greatest common factor of 7440 and 4080.
240
What is the greatest common factor of 1914 and 364298?
638
Calculate the greatest common factor of 2007369 and 8379.
1197
What is the greatest common divisor of 955110 and 15?
15
Calculate the highest common factor of 27104 and 2849.
77
Calculate the greatest common divisor of 27877 and 10553.
61
What is the greatest common factor of 2632 and 24?
8
Calculate the highest common divisor of 9 and 371322.
9
What is the highest common divisor of 13800744 and 9?
9
Calculate the highest common factor of 62 and 1808.
2
What is the highest common divisor of 19140 and 754?
58
What is the greatest common divisor of 532 and 54682?
38
What is the highest common factor of 2058 and 97314?
294
Calculate the highest common divisor of 49232 and 1088.
272
What is the greatest common factor of 1054 and 335761?
31
What is the highest common divisor of 26 and 17251?
13
Calculate the greatest common factor of 45340 and 20.
20
Calculate the greatest common factor of 26208 and 96.
96
What is the highest common divisor of 60709 and 11?
11
What is the highest common factor of 2522 and 1534?
26
Calculate the highest common factor of 8073 and 4968.
621
What is the highest common divisor of 120 and 163136?
8
Calculate the greatest common divisor of 208 and 46852.
52
Calculate the highest common divisor of 33 and 1356663.
33
What is the greatest common divisor of 63 and 50862?
21
Calculate the highest common factor of 232 and 607463.
29
Calculate the highest common divisor of 2266 and 77.
11
Calculate the highest common divisor of 31525 and 8827.
1261
What is the highest common factor of 30848 and 1024?
128
What is the highest common factor of 11526 and 20400?
102
What is the greatest common divisor of 93698 and 77?
11
What is the greatest common factor of 668 and 201235?
167
What is the highest common divisor of 230741 and 1666?
833
Calculate the highest common factor of 1179 and 3038676.
393
Calculate the highest common factor of 25464 and 296.
8
What is the greatest common divisor of 53598 and 6?
6
What is the highest common factor of 16702 and 21?
7
What is the highest common divisor of 385 and 86845?
55
What is the greatest common factor of 37458 and 90?
18
What is the greatest common divisor of 4765 and 120?
5
Calculate the greatest common divisor of 25288 and 9802.
58
What is the highest common factor of 251906 and 2390?
478
Calculate the greatest common divisor of 12 and 876948.
12
Calculate the greatest common factor of 234533 and 39.
13
Calculate the greatest common factor of 6368 and 39203.
199
What is the greatest common factor of 476238 and 4930?
986
Calculate the greatest common divisor of 938 and 1330.
14
What is the highest common factor of 1290 and 69402?
258
What is the highest common factor of 5146 and 581?
83
What is the greatest common factor of 3690 and 29151?
369
What is the highest common factor of 20054 and 666?
74
Calculate the greatest common factor of 2040 and 51240.
120
What is the greatest common factor of 6 and 3191724?
6
What is the highest common factor of 26145 and 113876?
581
Calculate the highest common d